{"id":345,"date":"2025-04-04T05:36:23","date_gmt":"2025-04-04T11:36:23","guid":{"rendered":"https:\/\/elrecomendado.com\/?page_id=345"},"modified":"2025-06-12T03:45:52","modified_gmt":"2025-06-12T08:45:52","slug":"motormania","status":"publish","type":"page","link":"https:\/\/elrecomendado.com\/?page_id=345","title":{"rendered":"Motorman\u00eda"},"content":{"rendered":"\n<div class=\"wp-block-group alignfull has-black-background-color has-background has-small-font-size is-layout-constrained wp-block-group-is-layout-constrained\">\n<div class=\"wp-block-cover alignfull has-small-font-size wp-elements-88cbb1676a8ff3b20668d61fe7556d86 wp-duotone-unset-1\" style=\"border-style:none;border-width:0px;margin-top:0;padding-right:0;padding-left:0;min-height:204px;aspect-ratio:unset;\"><img loading=\"lazy\" decoding=\"async\" width=\"1920\" height=\"300\" class=\"wp-block-cover__image-background wp-image-445 size-full\" alt=\"\" src=\"https:\/\/elrecomendado.com\/wp-content\/uploads\/2025\/04\/Diseno-sin-titulo-3.png\" style=\"object-position:51% 0%\" data-object-fit=\"cover\" data-object-position=\"51% 0%\" srcset=\"https:\/\/elrecomendado.com\/wp-content\/uploads\/2025\/04\/Diseno-sin-titulo-3.png 1920w, https:\/\/elrecomendado.com\/wp-content\/uploads\/2025\/04\/Diseno-sin-titulo-3-300x47.png 300w, https:\/\/elrecomendado.com\/wp-content\/uploads\/2025\/04\/Diseno-sin-titulo-3-1024x160.png 1024w, https:\/\/elrecomendado.com\/wp-content\/uploads\/2025\/04\/Diseno-sin-titulo-3-768x120.png 768w, https:\/\/elrecomendado.com\/wp-content\/uploads\/2025\/04\/Diseno-sin-titulo-3-1536x240.png 1536w\" sizes=\"auto, (max-width: 1920px) 100vw, 1920px\" \/><span aria-hidden=\"true\" class=\"wp-block-cover__background has-black-background-color has-background-dim-0 has-background-dim\"><\/span><div class=\"wp-block-cover__inner-container is-layout-constrained wp-container-core-cover-is-layout-0c4f307d wp-block-cover-is-layout-constrained\">\n<div style=\"height:50px\" aria-hidden=\"true\" class=\"wp-block-spacer\"><\/div>\n<\/div><\/div>\n<\/div>\n\n\n\n<h2 class=\"wp-block-heading has-text-align-center has-ast-global-color-5-color has-ast-global-color-6-background-color has-text-color has-background has-link-color has-medium-font-size wp-elements-30125fe8eb8059789d2178560feab00f\">TENDENCIAS QUE MUEVEN EL MUNDO DEL MOTOR<\/h2>\n\n\n\n<p class=\"has-text-align-center has-ast-global-color-5-background-color has-background\">LO \u00daLTIMO: Tecnolog\u00eda, movilidad sostenible, lanzamientos y an\u00e1lisis que te conectan con el futuro del autom\u00f3vil.<\/p>\n\n\n\n<div class=\"wp-block-group is-vertical is-content-justification-center is-layout-flex wp-container-core-group-is-layout-b6e2d7cf wp-block-group-is-layout-flex\" style=\"padding-top:0px;padding-right:30px;padding-bottom:0px;padding-left:30px\"><ul class=\"wp-block-latest-posts__list is-grid columns-3 has-link-color wp-elements-99da9e4eebff00691740de49d08c2902 wp-block-latest-posts has-text-color has-ast-global-color-3-color has-small-font-size\"><li><div class=\"wp-block-latest-posts__featured-image alignleft\"><a href=\"https:\/\/elrecomendado.com\/?p=258\" aria-label=\"\ud83d\udea8 Nuevos radares m\u00f3viles con sanci\u00f3n instant\u00e1nea en CDMX: c\u00f3mo funcionan y c\u00f3mo evitar multas\"><img loading=\"lazy\" decoding=\"async\" width=\"150\" height=\"150\" src=\"https:\/\/elrecomendado.com\/wp-content\/uploads\/2025\/02\/istockphoto_radar-150x150.jpg\" class=\"attachment-thumbnail size-thumbnail wp-post-image\" alt=\"\" style=\"max-width:150px;\" \/><\/a><\/div><a class=\"wp-block-latest-posts__post-title\" href=\"https:\/\/elrecomendado.com\/?p=258\">\ud83d\udea8 Nuevos radares m\u00f3viles con sanci\u00f3n instant\u00e1nea en CDMX: c\u00f3mo funcionan y c\u00f3mo evitar multas<\/a><div class=\"wp-block-latest-posts__post-excerpt\">La Ciudad de M\u00e9xico ha puesto en marcha un nuevo sistema de radares m\u00f3viles de velocidad con sanci\u00f3n instant\u00e1nea con el objetivo de reducir los accidentes&#8230; <a class=\"wp-block-latest-posts__read-more\" href=\"https:\/\/elrecomendado.com\/?p=258\" rel=\"noopener noreferrer\">Lee m\u00e1s<span class=\"screen-reader-text\">: \ud83d\udea8 Nuevos radares m\u00f3viles con sanci\u00f3n instant\u00e1nea en CDMX: c\u00f3mo funcionan y c\u00f3mo evitar multas<\/span><\/a><\/div><\/li>\n<li><div class=\"wp-block-latest-posts__featured-image alignleft\"><a href=\"https:\/\/elrecomendado.com\/?p=198\" aria-label=\"\ud83d\udcb8 Financiamiento de Coches El\u00e9ctricos en M\u00e9xico: Incentivos y Ventajas\"><img loading=\"lazy\" decoding=\"async\" width=\"150\" height=\"150\" src=\"https:\/\/elrecomendado.com\/wp-content\/uploads\/2025\/02\/images-150x150.jpg\" class=\"attachment-thumbnail size-thumbnail wp-post-image\" alt=\"\" style=\"max-width:150px;\" \/><\/a><\/div><a class=\"wp-block-latest-posts__post-title\" href=\"https:\/\/elrecomendado.com\/?p=198\">\ud83d\udcb8 Financiamiento de Coches El\u00e9ctricos en M\u00e9xico: Incentivos y Ventajas<\/a><div class=\"wp-block-latest-posts__post-excerpt\">La transici\u00f3n hacia la movilidad el\u00e9ctrica en M\u00e9xico est\u00e1 cobrando fuerza gracias a los incentivos gubernamentales y las opciones de financiamiento accesibles. Si est\u00e1s considerando comprar&#8230; <a class=\"wp-block-latest-posts__read-more\" href=\"https:\/\/elrecomendado.com\/?p=198\" rel=\"noopener noreferrer\">Lee m\u00e1s<span class=\"screen-reader-text\">: \ud83d\udcb8 Financiamiento de Coches El\u00e9ctricos en M\u00e9xico: Incentivos y Ventajas<\/span><\/a><\/div><\/li>\n<li><div class=\"wp-block-latest-posts__featured-image alignleft\"><a href=\"https:\/\/elrecomendado.com\/?p=1\" aria-label=\"\ud83d\ude97\u26a1 Comparativa: Auto Tradicional vs Auto El\u00e9ctrico en 2025\"><img loading=\"lazy\" decoding=\"async\" width=\"150\" height=\"150\" src=\"https:\/\/elrecomendado.com\/wp-content\/uploads\/2025\/02\/845473a6d58a6848fc51025045bbf1f1-150x150.jpg\" class=\"attachment-thumbnail size-thumbnail wp-post-image\" alt=\"\" style=\"max-width:150px;\" \/><\/a><\/div><a class=\"wp-block-latest-posts__post-title\" href=\"https:\/\/elrecomendado.com\/?p=1\">\ud83d\ude97\u26a1 Comparativa: Auto Tradicional vs Auto El\u00e9ctrico en 2025<\/a><div class=\"wp-block-latest-posts__post-excerpt\">\u00bfEst\u00e1s pensando en cambiar tu auto y te preguntas cu\u00e1l es la mejor opci\u00f3n entre un auto tradicional y un auto el\u00e9ctrico? Aqu\u00ed te presentamos una&#8230; <a class=\"wp-block-latest-posts__read-more\" href=\"https:\/\/elrecomendado.com\/?p=1\" rel=\"noopener noreferrer\">Lee m\u00e1s<span class=\"screen-reader-text\">: \ud83d\ude97\u26a1 Comparativa: Auto Tradicional vs Auto El\u00e9ctrico en 2025<\/span><\/a><\/div><\/li>\n<\/ul><\/div>\n\n\n\n<div style=\"height:60px\" aria-hidden=\"true\" class=\"wp-block-spacer\"><\/div>\n\n\n\n<figure class=\"wp-block-image aligncenter size-full\"><img loading=\"lazy\" decoding=\"async\" width=\"728\" height=\"90\" src=\"https:\/\/elrecomendado.com\/wp-content\/uploads\/2025\/04\/LEADS_LEADGENIOS_AUDIENCIA_1_2_3_728X90-1.jpg\" alt=\"\" class=\"wp-image-312\" srcset=\"https:\/\/elrecomendado.com\/wp-content\/uploads\/2025\/04\/LEADS_LEADGENIOS_AUDIENCIA_1_2_3_728X90-1.jpg 728w, https:\/\/elrecomendado.com\/wp-content\/uploads\/2025\/04\/LEADS_LEADGENIOS_AUDIENCIA_1_2_3_728X90-1-300x37.jpg 300w\" sizes=\"auto, (max-width: 728px) 100vw, 728px\" \/><\/figure>\n\n\n\n<div style=\"height:68px\" aria-hidden=\"true\" class=\"wp-block-spacer\"><\/div>\n\n\n\n<h2 class=\"wp-block-heading has-text-align-center has-ast-global-color-2-color has-text-color has-link-color wp-elements-59f12770ad2c89e4c8aa5503b011294a\" style=\"font-size:30px\">OFERTAS DEL MES<\/h2>\n\n\n\n<p class=\"has-text-align-center\">Modelos seleccionados con precios especiales y promociones por tiempo limitado.<\/p>\n\n\n\n<div class=\"wp-block-columns alignwide are-vertically-aligned-center is-layout-flex wp-container-core-columns-is-layout-1a3f87fd wp-block-columns-is-layout-flex\" style=\"margin-top:0;margin-bottom:0;padding-top:0;padding-bottom:0\">\n<div class=\"wp-block-column is-vertically-aligned-center has-ast-global-color-7-background-color has-text-color has-background has-link-color wp-elements-224633339974898d01c4aff3dc425757 is-layout-flow wp-block-column-is-layout-flow\" style=\"color:#000000;padding-top:2em;padding-right:2em;padding-bottom:2em;padding-left:2em\">\n<h2 class=\"wp-block-heading has-text-align-center\" id=\"family\" style=\"font-size:25px\"><strong>AUDI A<\/strong>3<\/h2>\n\n\n\n<figure class=\"wp-block-image alignfull size-full\"><img loading=\"lazy\" decoding=\"async\" width=\"300\" height=\"250\" src=\"https:\/\/elrecomendado.com\/wp-content\/uploads\/2025\/06\/Q3-DISPLAY-JUNIO-2025-1.jpg\" alt=\"\" class=\"wp-image-832\"\/><\/figure>\n\n\n\n<hr class=\"wp-block-separator has-css-opacity is-style-wide\"\/>\n\n\n\n<p class=\"has-small-font-size\"><\/p>\n\n\n\n<ul class=\"wp-block-list has-normal-font-size\"><\/ul>\n\n\n\n<div class=\"wp-block-buttons alignfull is-horizontal is-content-justification-center is-layout-flex wp-container-core-buttons-is-layout-03627597 wp-block-buttons-is-layout-flex\">\n<div class=\"wp-block-button has-custom-width wp-block-button__width-100 is-style-fill\"><a class=\"wp-block-button__link has-white-color has-text-color has-background no-border-radius wp-element-button\" style=\"background-color:#000000\">COTIZADOR ONLINE<\/a><\/div>\n<\/div>\n<\/div>\n\n\n\n<div class=\"wp-block-column is-vertically-aligned-center has-ast-global-color-7-background-color has-text-color has-background has-link-color wp-elements-9dbf6657c8447b6c9312998514937bd6 is-layout-flow wp-block-column-is-layout-flow\" style=\"color:#000000;padding-top:2em;padding-right:2em;padding-bottom:2em;padding-left:2em\">\n<h2 class=\"wp-block-heading has-text-align-center\" id=\"family\" style=\"font-size:25px\">VW SUB<\/h2>\n\n\n\n<figure class=\"wp-block-image alignfull size-full\"><img loading=\"lazy\" decoding=\"async\" width=\"300\" height=\"250\" src=\"https:\/\/elrecomendado.com\/wp-content\/uploads\/2025\/04\/SUVVW_300x250-1.png\" alt=\"\" class=\"wp-image-804\"\/><\/figure>\n\n\n\n<hr class=\"wp-block-separator has-css-opacity is-style-wide\"\/>\n\n\n\n<p style=\"font-size:13px\"><\/p>\n\n\n\n<ul class=\"wp-block-list has-normal-font-size\"><\/ul>\n\n\n\n<div class=\"wp-block-buttons alignfull is-horizontal is-content-justification-center is-layout-flex wp-container-core-buttons-is-layout-03627597 wp-block-buttons-is-layout-flex\">\n<div class=\"wp-block-button has-custom-width wp-block-button__width-100 is-style-fill\"><a class=\"wp-block-button__link has-white-color has-text-color has-background no-border-radius wp-element-button\" href=\"https:\/\/feebbo.uinterbox.com\/tracking\/clk?act=27769&amp;gel=255716&amp;pub=7346&amp;org=1854\" style=\"background-color:#000000\">COTIZADOR ONLINE<\/a><\/div>\n<\/div>\n<\/div>\n\n\n\n<div class=\"wp-block-column is-vertically-aligned-center has-ast-global-color-7-background-color has-text-color has-background has-link-color wp-elements-f943a6d9ec3c3ebcec0b6abe600e2cc4 is-layout-flow wp-block-column-is-layout-flow\" style=\"color:#000000;padding-top:2em;padding-right:2em;padding-bottom:2em;padding-left:2em\">\n<h2 class=\"wp-block-heading has-text-align-center\" id=\"family\" style=\"font-size:25px\"><strong>SPRING SALES<\/strong><\/h2>\n\n\n\n<figure class=\"wp-block-image alignfull size-full\"><img loading=\"lazy\" decoding=\"async\" width=\"300\" height=\"250\" src=\"https:\/\/elrecomendado.com\/wp-content\/uploads\/2025\/04\/VWAFTERSALES_300x250-1.png\" alt=\"\" class=\"wp-image-800\"\/><\/figure>\n\n\n\n<hr class=\"wp-block-separator has-css-opacity is-style-wide\"\/>\n\n\n\n<p class=\"has-small-font-size\"><\/p>\n\n\n\n<ul class=\"wp-block-list has-normal-font-size\"><\/ul>\n\n\n\n<div class=\"wp-block-buttons alignfull is-horizontal is-content-justification-center is-layout-flex wp-container-core-buttons-is-layout-03627597 wp-block-buttons-is-layout-flex\">\n<div class=\"wp-block-button has-custom-width wp-block-button__width-100 is-style-fill\"><a class=\"wp-block-button__link has-white-color has-text-color has-background no-border-radius wp-element-button\" style=\"background-color:#000000\">COTIZADOR ONLINE<\/a><\/div>\n<\/div>\n<\/div>\n<\/div>\n\n\n\n<div style=\"height:68px\" aria-hidden=\"true\" class=\"wp-block-spacer\"><\/div>\n\n\n\n<div class=\"wp-block-columns alignwide are-vertically-aligned-center has-ast-global-color-5-background-color has-background is-layout-flex wp-container-core-columns-is-layout-ec2e7a44 wp-block-columns-is-layout-flex\" style=\"padding-top:0;padding-bottom:0\">\n<div class=\"wp-block-column is-vertically-aligned-center is-layout-flow wp-block-column-is-layout-flow\">\n<p class=\"has-text-align-center has-ast-global-color-0-color has-text-color has-link-color wp-elements-1114350cd16c90ecf62a308cb91ea267\" style=\"font-size:35px\"><br><strong>Accede a las \u00faltimas novedades y cotizaciones de los modelos que m\u00e1s te interesan<\/strong><\/p>\n\n\n\n<p class=\"has-text-align-center\" style=\"font-size:18px\">Mantente al d\u00eda con la informaci\u00f3n m\u00e1s actualizada sobre los autos nuevos de las marcas que prefieres, desde los modelos m\u00e1s innovadores y equipados hasta las versiones m\u00e1s exclusivas.<br><br>Podr\u00e1s <strong>comparar precios, opciones de financiamiento y promociones<\/strong> directamente desde los concesionarios. Configura el coche que deseas, descubre los detalles de cada versi\u00f3n y recibe las ofertas m\u00e1s atractivas, adaptadas a tus necesidades.<\/p>\n\n\n\n<p class=\"has-text-align-center\" style=\"font-size:18px\">Recibir\u00e1s <strong>atenci\u00f3n personalizada de los mejores concesionarios<\/strong> para que te informen de las promociones vigentes y te hagan llegar las ofertas m\u00e1s ajustadas a tu perfil. <\/p>\n\n\n\n<p class=\"has-text-align-center has-ast-global-color-0-color has-text-color has-link-color wp-elements-bf554459413724ac5dff444716174896\" style=\"font-size:18px\"><br><\/p>\n<\/div>\n\n\n\n<div class=\"wp-block-column is-vertically-aligned-center is-layout-flow wp-block-column-is-layout-flow\">\n<figure class=\"wp-block-image aligncenter size-large is-resized is-style-default\"><a href=\"https:\/\/elrecomendado.com\/motormania\/index.html\"><img loading=\"lazy\" decoding=\"async\" width=\"1024\" height=\"1024\" src=\"https:\/\/elrecomendado.com\/wp-content\/uploads\/2025\/04\/elrecomendado_1200x1200-1-1024x1024.png\" alt=\"\" class=\"wp-image-727\" style=\"width:441px;height:auto\" srcset=\"https:\/\/elrecomendado.com\/wp-content\/uploads\/2025\/04\/elrecomendado_1200x1200-1-1024x1024.png 1024w, https:\/\/elrecomendado.com\/wp-content\/uploads\/2025\/04\/elrecomendado_1200x1200-1-300x300.png 300w, https:\/\/elrecomendado.com\/wp-content\/uploads\/2025\/04\/elrecomendado_1200x1200-1-150x150.png 150w, https:\/\/elrecomendado.com\/wp-content\/uploads\/2025\/04\/elrecomendado_1200x1200-1-768x768.png 768w, https:\/\/elrecomendado.com\/wp-content\/uploads\/2025\/04\/elrecomendado_1200x1200-1.png 1200w\" sizes=\"auto, (max-width: 1024px) 100vw, 1024px\" \/><\/a><figcaption class=\"wp-element-caption\"><strong><a href=\"https:\/\/elrecomendado.com\/motormania\/index.html\">Cotiza ahora<\/a><\/strong> y compara todas las opciones del mercado<\/figcaption><\/figure>\n<\/div>\n<\/div>\n\n\n\n<div style=\"height:100px\" aria-hidden=\"true\" class=\"wp-block-spacer\"><\/div>\n\n\n\n<div class=\"wp-block-group alignfull has-background has-medium-font-size is-layout-constrained wp-container-core-group-is-layout-abba3a89 wp-block-group-is-layout-constrained\" id=\"contact\" style=\"background:linear-gradient(35deg,rgb(6,0,151) 0%,rgb(130,4,255) 64%,rgb(193,15,255) 98%);margin-top:0;margin-bottom:0;padding-top:63px;padding-bottom:63px\">\n<h5 class=\"wp-block-heading alignwide has-text-align-center has-text-color\" id=\"newsletter\" style=\"color:#ffffff;font-size:17px\"><strong><a href=\"https:\/\/elrecomendado.com\/?page_id=478\" data-type=\"page\" data-id=\"478\">Suscr\u00edbete a nuestra newsletter<\/a> y recibe las actualizaciones m\u00e1s importantes directamente en tu correo.<\/strong><\/h5>\n<\/div>\n\n\n\n<div class=\"wp-block-group alignfull has-background-color has-white-color has-black-background-color has-text-color has-background has-link-color wp-elements-43353fb68cf8071bc595268430ced597 is-vertical is-content-justification-stretch is-layout-flex wp-container-core-group-is-layout-26be9a7e wp-block-group-is-layout-flex\" style=\"min-height:32vh;margin-top:0;margin-bottom:0;padding-top:0;padding-right:0;padding-bottom:0;padding-left:0\">\n<div class=\"wp-block-columns alignwide has-small-font-size is-layout-flex wp-container-core-columns-is-layout-28f84493 wp-block-columns-is-layout-flex\">\n<div class=\"wp-block-column is-layout-flow wp-block-column-is-layout-flow\">\n<p class=\"has-text-align-center\"><br><strong> \u200b\u00bfD\u00f3nde estamos?<br><\/strong> <strong>\ud83d\udccd<\/strong>Tlaxcala 173 (Hip\u00f3dromo Condesa) &#8211; Ciudad de M\u00e9xico<br><strong>\ud83d\udccd<\/strong> 2434 Fenton St Ste 300, Chula Vista, CA 91914, Estados Unidos<\/p>\n<\/div>\n\n\n\n<div class=\"wp-block-column is-layout-flow wp-block-column-is-layout-flow\">\n<p class=\"has-text-align-center\"><a href=\"#top\"><img loading=\"lazy\" decoding=\"async\" width=\"200\" height=\"67\" class=\"wp-image-42\" style=\"width: 200px;\" src=\"https:\/\/elrecomendado.com\/wp-content\/uploads\/2025\/02\/elRecomendado-removebg-preview.png\" alt=\"\" srcset=\"https:\/\/elrecomendado.com\/wp-content\/uploads\/2025\/02\/elRecomendado-removebg-preview.png 300w, https:\/\/elrecomendado.com\/wp-content\/uploads\/2025\/02\/elRecomendado-removebg-preview-250x83.png 250w\" sizes=\"auto, (max-width: 200px) 100vw, 200px\" \/><\/a><br> info@elrecomendado.com<\/p>\n\n\n\n<div style=\"height:24px\" aria-hidden=\"true\" class=\"wp-block-spacer\"><\/div>\n<\/div>\n\n\n\n<div class=\"wp-block-column is-layout-flow wp-block-column-is-layout-flow\">\n<div class=\"wp-block-group is-vertical is-content-justification-center is-layout-flex wp-container-core-group-is-layout-0e868306 wp-block-group-is-layout-flex\">\n<p><br><a href=\"https:\/\/feebbodigital.com\/files_int\/iso\/POLITICA_DE_CALIDAD_ed2.pdf\">Pol\u00edtica de calidad<\/a><br><a href=\"https:\/\/feebbodigital.com\/politica-de-privacidad.html\" data-type=\"link\" data-id=\"https:\/\/feebbodigital.com\/politica-de-privacidad.html\" target=\"_blank\" rel=\"noreferrer noopener\">Pol\u00edtica de privacidad<\/a><br><a href=\"https:\/\/feebbodigital.com\/condiciones-de-uso.html\" target=\"_blank\" rel=\"noreferrer noopener\">Condiciones de uso<\/a><\/p>\n\n\n\n<div style=\"height:0px\" aria-hidden=\"true\" class=\"wp-block-spacer wp-container-content-541a6b20\"><\/div>\n<\/div>\n<\/div>\n<\/div>\n\n\n\n<p><\/p>\n<\/div>\n","protected":false},"excerpt":{"rendered":"<p>TENDENCIAS QUE MUEVEN EL MUNDO DEL MOTOR LO \u00daLTIMO: Tecnolog\u00eda, movilidad sostenible, lanzamientos y an\u00e1lisis que te conectan con el futuro del autom\u00f3vil. OFERTAS DEL MES Modelos seleccionados con precios especiales y promociones por tiempo limitado. AUDI A3 VW SUB SPRING SALES Accede a las \u00faltimas novedades y cotizaciones de los modelos que m\u00e1s te [&hellip;]<\/p>\n","protected":false},"author":1,"featured_media":719,"parent":0,"menu_order":0,"comment_status":"closed","ping_status":"closed","template":"","meta":{"site-sidebar-layout":"default","site-content-layout":"","ast-site-content-layout":"","site-content-style":"default","site-sidebar-style":"default","ast-global-header-display":"","ast-banner-title-visibility":"","ast-main-header-display":"","ast-hfb-above-header-display":"","ast-hfb-below-header-display":"","ast-hfb-mobile-header-display":"","site-post-title":"disabled","ast-breadcrumbs-content":"","ast-featured-img":"disabled","footer-sml-layout":"","theme-transparent-header-meta":"","adv-header-id-meta":"","stick-header-meta":"","header-above-stick-meta":"","header-main-stick-meta":"","header-below-stick-meta":"","astra-migrate-meta-layouts":"default","ast-page-background-enabled":"default","ast-page-background-meta":{"desktop":{"background-color":"var(--ast-global-color-5)","background-image":"","background-repeat":"repeat","background-position":"center center","background-size":"auto","background-attachment":"scroll","background-type":"","background-media":"","overlay-type":"","overlay-color":"","overlay-opacity":"","overlay-gradient":""},"tablet":{"background-color":"","background-image":"","background-repeat":"repeat","background-position":"center center","background-size":"auto","background-attachment":"scroll","background-type":"","background-media":"","overlay-type":"","overlay-color":"","overlay-opacity":"","overlay-gradient":""},"mobile":{"background-color":"","background-image":"","background-repeat":"repeat","background-position":"center center","background-size":"auto","background-attachment":"scroll","background-type":"","background-media":"","overlay-type":"","overlay-color":"","overlay-opacity":"","overlay-gradient":""}},"ast-content-background-meta":{"desktop":{"background-color":"var(--ast-global-color-4)","background-image":"","background-repeat":"repeat","background-position":"center center","background-size":"auto","background-attachment":"scroll","background-type":"","background-media":"","overlay-type":"","overlay-color":"","overlay-opacity":"","overlay-gradient":""},"tablet":{"background-color":"var(--ast-global-color-4)","background-image":"","background-repeat":"repeat","background-position":"center center","background-size":"auto","background-attachment":"scroll","background-type":"","background-media":"","overlay-type":"","overlay-color":"","overlay-opacity":"","overlay-gradient":""},"mobile":{"background-color":"var(--ast-global-color-4)","background-image":"","background-repeat":"repeat","background-position":"center center","background-size":"auto","background-attachment":"scroll","background-type":"","background-media":"","overlay-type":"","overlay-color":"","overlay-opacity":"","overlay-gradient":""}},"footnotes":""},"class_list":["post-345","page","type-page","status-publish","has-post-thumbnail","hentry"],"_links":{"self":[{"href":"https:\/\/elrecomendado.com\/index.php?rest_route=\/wp\/v2\/pages\/345","targetHints":{"allow":["GET"]}}],"collection":[{"href":"https:\/\/elrecomendado.com\/index.php?rest_route=\/wp\/v2\/pages"}],"about":[{"href":"https:\/\/elrecomendado.com\/index.php?rest_route=\/wp\/v2\/types\/page"}],"author":[{"embeddable":true,"href":"https:\/\/elrecomendado.com\/index.php?rest_route=\/wp\/v2\/users\/1"}],"replies":[{"embeddable":true,"href":"https:\/\/elrecomendado.com\/index.php?rest_route=%2Fwp%2Fv2%2Fcomments&post=345"}],"version-history":[{"count":100,"href":"https:\/\/elrecomendado.com\/index.php?rest_route=\/wp\/v2\/pages\/345\/revisions"}],"predecessor-version":[{"id":833,"href":"https:\/\/elrecomendado.com\/index.php?rest_route=\/wp\/v2\/pages\/345\/revisions\/833"}],"wp:featuredmedia":[{"embeddable":true,"href":"https:\/\/elrecomendado.com\/index.php?rest_route=\/wp\/v2\/media\/719"}],"wp:attachment":[{"href":"https:\/\/elrecomendado.com\/index.php?rest_route=%2Fwp%2Fv2%2Fmedia&parent=345"}],"curies":[{"name":"wp","href":"https:\/\/api.w.org\/{rel}","templated":true}]}}